t common factor of n and x?
5
Let f(i) = 10*i + 58. Let a be f(-5). Suppose 8*q = 5*v + 11*q - 689, 3*q = -2*v + 281. Calculate the greatest common divisor of v and a.
8
Let k(w) = -603*w**3 - 5*w**2 - 10*w - 4. Let n be k(-1). Calculate the highest common factor of n and 755.
151
Let p be -8 + (-2)/7 + 12992/196. Calculate the greatest common divisor of p and 8294.
58
Let j = -3778 - -3987. Calculate the highest common factor of j and 285.
19
Suppose 26 = 5*d + 6. Suppose d*b - 4*n = 56, 2*n - n = 3. What is the highest common factor of b and 391?
17
Suppose 5*w = -2*l + 536, 5*w - 5*l - 118 = 4*w. Suppose -77*n = -68*n - w. Calculate the greatest common divisor of 492 and n.
12
Let v(f) = -f**3 + 4*f**2 + 8*f - 3. Let z be v(5). Let o(l) = -2*l**2 + 19*l + 639. Let k be o(23). Calculate the greatest common factor of z and k.
6
Suppose 2*i + 189 = 2*j + 181, i = -2*j + 8. Calculate the highest common factor of 2158 and j.
2
Let g be -1 - (-1)/2 - (-1995)/(-76)*-18. Calculate the greatest common divisor of 10148 and g.
236
Let q be (36/(-72))/((-3)/396). What is the highest common factor of q and 282?
6
Suppose -4815 - 3939 = -6*u. Suppose -l + x + 732 = 0, 7*x = -2*l + 10*x + u. Calculate the greatest common divisor of 67 and l.
67
Let d be ((-1935)/(-430))/((-4)/(-8022)*9/12). What is the highest common divisor of d and 191?
191
Let j be 37 - (5/2)/((-5)/(-4)). Suppose 199 = 9*b - j. Calculate the highest common divisor of 52 and b.
26
Let y be (388977/170)/29 + (-3)/(-30). Let l be -2 - (3 + -6 + -1026). What is the highest common divisor of l and y?
79
Suppose 338*a = 181*a + 15072. Calculate the greatest common factor of 2712 and a.
24
Suppose -3*c = -43 - 71. Let f = -1167 - -1186. What is the highest common factor of f and c?
19
Let r = 115 - 71. Let n(b) = 7*b - 10. Let l be 2/(-5 + 8 + (-1 - 1)). Let i be n(l). What is the greatest common divisor of i and r?
4
Let o(f) = -f**3 + f**2 + 7*f + 4. Let g be o(-1). Let x be 1/3 - (-184)/(-12). Let m be 20/(g/x*6). Calculate the highest common factor of m and 10.
10
Let y(u) = -4*u - 57. Let z be y(-8). Let f be (315/z + -3)/((-39)/130). Calculate the highest common divisor of f and 117.
13
Let j = -1 + 22. Suppose -l + 23 - j = 0. Suppose 0*o + 158 = u + 3*o, 2*u - 300 = l*o. What is the highest common factor of u and 19?
19
Suppose 4*s - 116 = -c, 3*s + 2*c - 86 = c. Let z = -90 - -89. Let v(p) = 14*p**2 - 2*p - 1. Let k be v(z). What is the greatest common factor of k and s?
15
Let q(j) = -j**3 + 18*j**2 + 23*j - 16. Let c(s) = s**3 - 4*s**2 + 4*s - 26. Let f be c(5). Let l be q(f). What is the highest common divisor of l and 30?
30
Let k(l) = -95*l + 98. Let c be k(-14). What is the greatest common factor of 96 and c?
12
Suppose 5*h - 4*h = 2*z - 23, 4*h + 2 = 2*z. Calculate the greatest common divisor of z and 8295.
15
Let o = 290 - 256. Let d(z) = z**3 - 9*z**2 - 28*z - 11. Let n be d(12). Calculate the greatest common factor of n and o.
17
Let z = -12375 + 12381. Calculate the highest common factor of 1978 and z.
2
Let v(c) be the second derivative of 23*c**3/6 + 9*c**2/2 + 55*c. Let y be v(1). What is the highest common divisor of 176 and y?
16
Let b be 2 - (-24)/9*(-26 - -164). What is the highest common factor of 95 and b?
5
Let c = 116 - 114. Suppose -5*v - c*j = -0*j - 124, -5*j = -5*v + 145. What is the highest common divisor of v and 39?
13
Let d = 95 - 25. Let x(j) = -14*j - 111. Let g be x(-32). Let y = g + -327. What is the highest common factor of y and d?
10
Let h(c) = 3*c**3 + 10*c - 3*c**3 + 84 - 14*c**2 + c**3 + 0*c**3. Let q be h(14). Calculate the greatest common divisor of q and 14.
14
Suppose 590*r - 597*r + 399 = 0. Suppose 52*b = r*b + 2*y - 744, -15 = 5*y. Let d be 118/4 + 2/4. Calculate the greatest common divisor of d and b.
30
Let g(i) = -153*i - 30. Let q(p) = -76*p - 16. Let r(z) = -6*g(z) + 13*q(z). Let w be r(-2). Calculate the highest common divisor of 42 and w.
14
Let f = 4 + -11. Let a = -10 - f. Let k be (1 - (-6)/a)/((-2)/310). Calculate the highest common divisor of k and 31.
31
Suppose -j + 5*w - 23 = 0, 0 = 4*w + 5 - 25. Suppose -5*t + j*i + 75 = 0, 0 = t - 0*t - 4*i - 15. What is the highest common factor of t and 6?
3
Let t(k) = k**3 + 32*k**2 + 137*k - 68. Let r be t(-26). What is the greatest common factor of 497 and r?
71
Suppose 4*t + 2*h = 4*h + 296, 5*h = -t + 63. Let u = -17 + t. Let w(j) = 112*j - 4920. Let d be w(44). Calculate the greatest common factor of u and d.
8
Let q(o) = 5*o - 25. Let y be q(6). Suppose -10*k - 2*h = -7*k + y, k - 13 = 3*h. Calculate the highest common factor of k and 4.
1
Let v(w) = 2*w**3 - 6*w**2 - 27*w + 170. Let b be v(6). Calculate the greatest common divisor of b and 1152.
32
Let r(y) = 30*y**2 - 8*y**2 + 6*y + 28 - 21*y**2. Let p be r(-4). Calculate the greatest common factor of p and 10.
10
Suppose 5*x - 4104 = -x. Let v be ((-27105)/715 - (-1)/(-11))*-2. What is the highest common divisor of x and v?
76
Let r = 174 - 168. Suppose -24 = -r*y + 24. Let m be (-6)/9 + (-798)/(-9). What is the greatest common factor of y and m?
8
Let c be (-180)/(-50)*(-1 + 76). Let l(n) = -2*n**2 + 84*n + 116. Let a be l(43). What is the greatest common divisor of c and a?
30
Let i be -13 - (-18 + 3) - -1574. Calculate the highest common divisor of 8 and i.
8
Let f = -51 - -170. Let a be -119*(369/63 + -6). What is the highest common factor of f and a?
17
Let u be (-9566)/(-22) - ((-350)/110 + 3). Let c = 464 - u. Calculate the highest common divisor of 4 and c.
1
Let t(c) = -9*c**3 - c**2 + 6*c - 4. Let a be t(-5). Suppose 343*f - 25830 = 28*f. What is the highest common divisor of a and f?
82
Suppose 0 = -2*f + 2 + 20. Suppose 0 = 36*q - 33*q + 192. Let w be -2*(q - -3) + -1. What is the greatest common factor of f and w?
11
Let z = 16724 + -15788. Calculate the greatest common factor of z and 5850.
234
Suppose 0 = -165*n + 88889 + 133696. Calculate the greatest common divisor of n and 568.
71
Let o be (-78)/(-21) + 2/7. Suppose 4 = -a - 3*s + 20, 5*a - 80 = -o*s. Let x = 63 - 61. Calculate the greatest common factor of x and a.
2
Let n = -3061 + 3067. Let y be 68 + 1 + (-2 - 1). What is the highest common factor of n and y?
6
Let o = 3104 - 3034. Calculate the highest common factor of 740 and o.
10
Let w = 18954 + -17645. What is the highest common factor of 44 and w?
11
Let i = -321 + 464. Suppose 11*w = 209 + i. What is the highest common factor of w and 160?
32
Let l(b) = -b**2 + 4*b + 2*b**2 - 4 - 9. Let z = -1824 - -1816. Let i be l(z). What is the greatest common factor of i and 152?
19
Let z be ((-250)/(-7))/2 - (-1)/7. What is the highest common factor of 606 and z?
6
Let m = -1078 + 1097. Suppose 5*z - 5 = 0, -15*v + m*v = z + 11. Let p = 79 + -10. Calculate the highest common divisor of p and v.
3
Let d(v) = 21*v + 13. Let w be 51/9 + 15/(-9) + -4. Let r be d(w). What is the greatest common factor of 7 and r?
1
Let a(m) = m - 36. Let y be a(28). Let n(i) = -i**3 - 5*i**2 + 18*i - 10. Let c be n(y). What is the greatest common divisor of 57 and c?
19
Let b be (3 + 5/(-2))*10. Let x be 2/(-10) - 4/b. Let g be ((-1 - 1)*(2 + 0))/x. Calculate the greatest common factor of g and 36.
4
Suppose -2*o + 5*k + 19 + 12 = 0, -2*k = -4*o + 54. Let x = -7 + o. Suppose -21 = -5*j - x. Calculate the greatest common factor of 15 and j.
3
Let z(p) = -3*p**3 - p**2 + 8*p + 3. Let q be z(-4). Let i = q - 87. Suppose 10*r - 5*r = 120. What is the highest common divisor of i and r?
12
Let z be (-124)/(-16) + 3/12. Suppose -6 + 2 = -4*x - 3*s, -5*x + 5*s + 5 = 0. Let m be ((-6 - -1) + 6)*x. What is the highest common factor of m and z?
1
Let z = 1865 + -1637. What is the greatest common divisor of z and 1064?
76
Let p = -6982 - -8113. What is the highest common factor of 406 and p?
29
Let l(b) = 6*b - 18. Let a be ((-396)/110)/((-3)/20). Let x be l(a). Calculate the highest common divisor of 196 and x.
14
Suppose -2*m + 241 = -283. Let j = m - 255. What is the highest common divisor of 161 and j?
7
Let r = -24567 - -30329. What is the highest common divisor of r and 215?
43
Suppose -2*u = -5*l - 37, -3*l - 4*u + 39 = -8*l. Let k(h) = 11*h + 94. Let m be k(l). What is the highest common divisor of 34 and m?
17
Suppose -o + 2*s -